= f**2 + 347*f + 27427. Calculate c(-122).
-23
Let x(a) = 2357264*a - 7. Determine x(0).
-7
Let q(s) = 54*s**2 + 13123*s + 225. Calculate q(-243).
-18
Let g(m) = -156805*m**2 - 1881656*m + 44. Give g(-12).
-4
Let h(y) = 17*y**2 + 504*y - 717. Determine h(-31).
-4
Let s(n) = -28*n + 4324. Determine s(142).
348
Let i(g) = 2*g**3 - 112*g**2 + 97*g - 5445. Calculate i(56).
-13
Let j(c) = -c**3 + 129*c**2 + 1058*c + 33. Give j(-8).
337
Let g(z) = 631248*z - 18937435. Determine g(30).
5
Let s(x) = -2756*x + 31081. Determine s(12).
-1991
Let a(j) = j + 1078. Calculate a(-131).
947
Let u(a) = -158*a**2 - 7577*a + 286. What is u(-48)?
-50
Let q(b) = 1065*b - 57520. Calculate q(54).
-10
Let f(d) = 3161*d + 5847. Determine f(-2).
-475
Let x(c) = -4*c**2 + 100*c + 497. Calculate x(29).
33
Let v(x) = -x**3 + 6*x**2 + 71*x + 313. Calculate v(13).
53
Let o(m) = 163704*m - 8676312. Calculate o(53).
0
Let g(s) = -96*s**3 + s**2 + s + 674. Calculate g(0).
674
Let i(m) = m**3 - 124*m**2 + 384*m + 952. Determine i(5).
-103
Let u(n) = n**3 + 53*n**2 + 410*n - 150. Determine u(-44).
-766
Let s(m) = -4*m**2 + 1575*m - 50099. Determine s(35).
126
Let u(q) = -4*q**2 + 22*q + 1687. Calculate u(-24).
-1145
Let j(g) = -12449*g - 572661. Give j(-46).
-7
Let z(m) = -275*m + 48229. Determine z(174).
379
Let w(l) = -l**3 - 96*l**2 + 892*l + 92760. Determine w(-95).
-1005
Let c(s) = -2*s**2 - 98*s - 304. What is c(-21)?
872
Let t(r) = -8*r**2 + 312*r + 392. Calculate t(45).
-1768
Let r(j) = -228*j - 9501. Determine r(-34).
-1749
Let s(b) = -428*b - 8110. Determine s(-19).
22
Let b(g) = -g**3 + 64*g**2 + 91*g - 1892. Give b(-6).
82
Let f(c) = -105*c + 25179. Give f(239).
84
Let c(l) = 6*l**3 - 2863*l**2 + 494*l - 8091. Give c(477).
18
Let g(y) = 2*y**2 - 1364*y - 56236. What is g(-39)?
2
Let k(f) = -f**2 + 4691*f - 163096. Calculate k(35).
-136
Let v(d) = -d**2 - 4132*d - 1039191. What is v(-269)?
-44
Let t(z) = 1084*z - 69535. Give t(64).
-159
Let q(i) = 153*i**2 - 10709*i - 71. Determine q(70).
-1
Let w(y) = -411314*y - 822664. What is w(-2)?
-36
Let h(v) = -335*v**2 + 27805*v + 167. Calculate h(83).
167
Let m(v) = v**2 + 102*v + 307. Determine m(-99).
10
Let m(a) = -6263*a - 444523. Determine m(-71).
150
Let f(n) = -n**3 - 36*n**2 - 310*n + 50. Calculate f(-23).
303
Let r(i) = i**3 - 73*i**2 - 307*i + 2. Give r(-4).
-2
Let s(c) = 21*c**3 + 2727*c**2 - 484*c - 12227. Give s(-130).
-7
Let u(a) = 3089*a + 9797. What is u(-3)?
530
Let v(g) = 18062*g + 72253. Calculate v(-4).
5
Let s(c) = 394*c - 52524. Give s(133).
-122
Let u(o) = -934*o + 37819. What is u(41)?
-475
Let h(n) = -38461*n - 923069. What is h(-24)?
-5
Let d(v) = -16*v**3 + 324*v**2 + 38*v - 2375. What is d(20)?
-15
Let j(c) = -380*c + 14878. What is j(39)?
58
Let k(i) = -i**3 + 65*i**2 - 98*i + 2025. What is k(64)?
-151
Let q(v) = -1421*v + 182. Calculate q(2).
-2660
Let y(m) = -1560*m - 65574. Give y(-42).
-54
Let l(y) = -y**2 + 21*y + 19886. What is l(-132)?
-310
Let x(s) = 23*s**2 + 443*s + 2120. Calculate x(-9).
-4
Let z(d) = d**2 + 286*d + 17925. What is z(-193)?
-24
Let i(n) = 3883*n + 126795. Give i(-33).
-1344
Let o(k) = 297*k + 12601. What is o(-40)?
721
Let u(a) = 6236*a + 186437. What is u(-30)?
-643
Let w(y) = y**3 - 45*y**2 + 163*y - 7107. Calculate w(45).
228
Let p(x) = -565384*x - 565371. Determine p(-1).
13
Let r(o) = 3531*o + 6685. Give r(-2).
-377
Let t(z) = -32*z**2 + 2799*z - 49970. What is t(25)?
5
Let j(w) = -14*w**2 + 93221*w + 93219. Give j(-1).
-16
Let y(j) = -322265*j + 10312478. What is y(32)?
-2
Let h(s) = -811*s - 19487. What is h(-24)?
-23
Let w(s) = -79*s**2 - 1323*s - 116. Determine w(-17).
-456
Let q(o) = -28*o**3 + 2308*o**2 - 16667*o - 43. Calculate q(8).
-3
Let c(k) = -k**3 - 14*k**2 + 62*k - 27. Determine c(-14).
-895
Let l(a) = 10*a**3 - 339*a**2 - 151*a + 4024. Determine l(34).
46
Let w(u) = -999318*u - 16988394. What is w(-17)?
12
Let n(b) = 9173*b - 27501. What is n(3)?
18
Let p(h) = 63*h**2 + 2124*h + 4. Calculate p(-33).
-1481
Let d(y) = -388*y + 10443. Give d(28).
-421
Let d(b) = b**3 - 286*b**2 + 2758*b + 52. Calculate d(10).
32
Let d(v) = -v**3 - 7*v**2 - 36887*v - 221284. What is d(-6)?
2
Let j(p) = -2*p**2 - 366*p + 10866. Determine j(-209).
-2
Let f(o) = -2*o**2 + 400*o - 5893. What is f(16)?
-5
Let u(a) = 2*a**2 - 157*a - 6960. What is u(106)?
-1130
Let k(o) = 8*o**2 - 4526*o - 99792. Give k(587).
-2
Let u(i) = 2*i**2 + 2991*i + 268714. Give u(-96).
10
Let p(x) = 292339*x + 6. Determine p(0).
6
Let g(f) = -6438*f**2 - 96576*f - 64. Determine g(-15).
26
Let u(h) = 11*h**2 - 7944*h + 257382. Determine u(34).
2
Let g(i) = -2232*i + 119381. Give g(54).
-1147
Let g(o) = -141*o**2 - 11182*o + 11213. Determine g(1).
-110
Let o(j) = 1910*j - 267385. Determine o(140).
15
Let y(b) = 44*b**3 - 1059*b**2 + 3552*b - 88. What is y(4)?
-8
Let w(a) = -27*a**3 - 5*a**2 + 11*a - 87. Give w(4).
-1851
Let t(x) = -3*x**3 - 55*x**2 + 194*x + 255. Calculate t(-14).
-5009
Let k(q) = -79*q**2 + 4396*q + 15630. Calculate k(59).
-5
Let w(n) = 22176*n + 133072. What is w(-6)?
16
Let k(q) = -q**3 - 468*q**2 - 42883*q - 2754. Give k(-343).
-10
Let r(w) = -3*w**2 + 1801*w - 25113. What is r(14)?
-487
Let q(v) = -376*v + 715. Give q(4).
-789
Let b(g) = -3*g**3 - 431*g**2 - 5522*g + 4023. Determine b(-15).
3
Let o(m) = -m**2 - 34*m + 17799. Determine o(116).
399
Let r(i) = 19737*i + 177619. Calculate r(-9).
-14
Let u(m) = -2*m**3 + 58*m**2 - 182*m + 685. Calculate u(26).
9
Let l(w) = 5188*w + 622794. Calculate l(-120).
234
Let f(o) = -6701*o - 32345. Calculate f(-5).
1160
Let q(b) = -13*b**2 - 336*b - 1695. Give q(-6).
-147
Let x(g) = 13*g**2 + 297*g + 784. Calculate x(-19).
-166
Let u(y) = 38*y**3 + 418*y**2 - 7*y + 7. Give u(-11).
84
Let w(b) = b**2 + 175850*b + 8965748. Give w(-51).
-1
Let x(r) = -368*r - 43500. Calculate x(-118).
-76
Let b(f) = -f**2 - 31846*f + 477594. Calculate b(15).
-321
Let h(t) = -8749*t + 306129. Calculate h(35).
-86
Let t(v) = -10*v**2 - 580*v + 177. What is t(-58)?
177
Let v(g) = -11*g**2 - 499*g + 46. Give v(-47).
-800
Let c(f) = 4*f**3 + 172*f**2 + 96*f + 4118. What is c(-43)?
-10
Let u(z) = -z**3 + 33*z**2 + 264*z + 7132. Determine u(43).
-6
Let u(r) = 158*r - 20577. What is u(140)?
1543
Let q(o) = 7939*o + 151161. Determine q(-19).
320
Let j(z) = -z**2 + 2724*z - 19162. Calculate j(7).
-143
Let o(j) = 944*j**2 + 6670*j + 234. What is o(-7)?
-200
Let l(m) = m**3 + 17*m**2 + 12*m + 179. Determine l(-15).
449
Let m(f) = -29128*f + 1252360. Determine m(43).
-144
Let q(a) = 1195*a - 6415. What is q(6)?
755
Let b(j) = 9*j**2 + 3444*j - 24057. Calculate b(7).
492
Let l(d) = 79*d - 468. Determine l(5).
-73
Let s(h) = h**3 + 161*h**2 - 802*h + 147. What is s(-166)?
-4501
Let g(d) = -852*d + 237713. Determine g(279).
5
Let q(i) = 189*i**3 + 20*i**2 + 5*i - 17. What is q(1)?
197
Let t(o) = -11*o**3 - 4*o**2 - 4416*o - 8827. What is t(-2)?
77
Let q(y) = 1357*y - 6810. Give q(5).
-25
Let y(b) = -b**2 - 22*b - 38. What is y(-10)?
82
Let t(a) = a**2 + 445*a + 8882. Determine t(-21).
-22
Let x(j) = 73*j + 7995. Determine x(-111).
-108
Let p(n) = n**3 + 534*n**2 + 539*n + 3221. Calculate p(-533).
23
Let q(m) = -m**3 - 139*m**2 - 128*m + 1292. What is q(-138)?
-88
Let l(a) = -29*a**3 + 3*a**2 - 36*a - 1. Determine l(3).
-865
Let q(b) = 3624*b - 39178. What is q(11)?
686
Let i(k) = 15475*k + 3125957. Determine i(-202).
7
Let j(s) = 15*s**3 - 13*s**2 - 71*s + 84. What is j(1)?
15
Let w(c) = 59573*c + 1370145. Give w(-23).
-34
Let m(r) = -r**2 - 243737*r - 10966176. Give m(-45).
-36
Let h(b) = -b**3 + 944*b**2 + 162860*b - 3255. Give h(1093).
24
Let c(p) = -p**2 - 581*p + 15526. Calculate c(28).
-1526
Let g(o) = -74499*o - 297826. Determine g(-4).
170
Let f(p) = 5*p**2 - 47758*p + 47757. Determine f(1).
4
Let p(v) = v**3 - 5*v**2 - 53*v + 75. Determine p(4).
-153
Let y(q) = q**3 - 15*q**2 + 41*q - 26. What is y(3)?
-11
Let u(m) = m**3 - 695*m**2 + 4905*m - 61271. Calculate u(688).
-39
Let k(w) = -13463*w + 188586. Determine k(14).
104
Let z(n) = -n**3 + 56*n**2 + 7816*n - 411612. What is z(51)?
9
Let w(a) = a**3 + 28*a**2 - 251*a - 6313. What is w(-28)?
715
Let j(k) = 7*k**2 - 715*k + 1410. What is j(2)?
8
Let j(a) = -a**3 - 183*a**2 + 1477*a - 9808. What is j(-191)?
-67
Let l(g) 